{"id":60,"date":"2021-03-15T09:16:15","date_gmt":"2021-03-15T09:16:15","guid":{"rendered":"https:\/\/stressedplants.uav.ro\/wordpress\/?page_id=60"},"modified":"2023-12-05T15:01:32","modified_gmt":"2023-12-05T15:01:32","slug":"progresul-proiectului","status":"publish","type":"page","link":"https:\/\/stressedplants.uav.ro\/wordpress\/index.php\/progresul-proiectului\/","title":{"rendered":"Rezultate obtinute"},"content":{"rendered":"\n<p id=\"block-b37bcf8d-521c-4590-9d4f-5d26c30410fe\"><strong>Articole publicate in jurnale cotate ISI<\/strong> <strong>&#8211; 2021<\/strong><\/p>\n\n\n\n<ol class=\"wp-block-list\">\n<li>Popitanu, C.; Cioca, G.; Copolovici, L.; Iosif, D.; Munteanu, F.-D.; Copolovici, D. The Seasonality Impact of the BTEX Pollution on the Atmosphere of Arad City, Romania.&nbsp;<em>Int. J. Environ. Res. Public Health<\/em>&nbsp;<strong>2021<\/strong>,&nbsp;<em>18<\/em>, 4858. <a href=\"https:\/\/doi.org\/10.3390\/ijerph18094858\"><strong>https:\/\/doi.org\/10.3390\/ijerph18094858<\/strong><\/a><\/li>\n\n\n\n<li>Corina Popitanu, Andreea Lupitu , Lucian Copolovici, Simona Bungau, \u00dclo Niinemets, Dana Maria Copolovici, Induced Volatile Emissions, Photosynthetic Characteristics, and Pigment Content in <em>Juglans regia<\/em> Leaves Infected with the Erineum-Forming Mite <em>Aceria erinea<\/em>, <em>Forests<\/em>, <strong>2021<\/strong>, 12, 920, <strong>https:\/\/doi.org\/10.3390\/f12070920<\/strong><\/li>\n<\/ol>\n\n\n\n<p id=\"block-0a0370aa-3221-48fb-bdec-cfa3a4cf1a50\"><strong>Conferinte nationale si internationale &#8211; 2021: <\/strong><\/p>\n\n\n\n<ol class=\"wp-block-list\" id=\"block-e218e153-2ba8-42de-b2ba-a17c919ad715\">\n<li>Cristian Moisa, Adriana Csakvari, Dana Radu, Andreea Lupitu, Leonard Olariu, Georgeta Pop, Dorina Chambre, Lucian Copolovici and Dana Maria Copolovici, <strong><em>Cannabis sativa<\/em> Leaves Extracts Mediated the Obtaining of Silver Nanoparticles Products for Potential Biological Applications<\/strong>,<em> Webinar on Traditional &amp; Alternative Medicine<\/em>, 23-25 May 2021, Greenville, USA.<\/li>\n\n\n\n<li>Lucian Copolovici, Andreea Lupitu, Cristian Moisa, Dana Copolovici, <strong>The influence of climate changing on plants<\/strong>, 10<sup>th<\/sup> International Conference &#8220;Agriculture for Life, Life for Agriculture&#8221;, 3-5 June 2021, Bucuresti, Romania.<\/li>\n\n\n\n<li>Dana Copolovici, Silvia Elena Lavinia Mo\u0163, Andreea Lupitu, Cristian Moisa, Maria Daniela Mo\u0163, Adina Maria Bodescu, Dorina Chambre, Lucian Copolovici, <strong>Applications of Plant Extracts<\/strong>, <em>10<sup>th<\/sup> International Conference \u201cAgriculture for Life, Life for Agriculture\u201d<\/em>, 3 \u2013 5 June 2021, Bucure\u0219ti, Romania.<\/li>\n\n\n\n<li>Dana Copolovici, <strong>Chem-bio-route in Climate Change Era<\/strong>, <em>5<sup>th<\/sup> International Conference on Biochemistry and Molecular Biology<\/em>, 26-27 July 2021, Paris, France.<\/li>\n\n\n\n<li>Lucian Copolovici, Andreea Lupitu, Cristian Moisa, Dana Copolovici, <strong>The impact of CO<sub>2<\/sub> increase on plants secondary metabolites<\/strong>, <em>Annual Congress on Plant Biology &amp; Plant Breeding<\/em>, 27-28 August 2021, Amsterdam, Nederlands.<\/li>\n\n\n\n<li>Simona Gavrila\u0219, Andreea Lupitu, Cristian Mois\u0103, Virgiliu Ciutina, Dana Copolovici, Lucian Copolovici, <strong>The response of plants from <em>Brassicaceae<\/em> family to elevated carbon dioxide<\/strong>, 1<em>1<sup>th<\/sup> International Conference on Environment Science and Engineering(ICESE 2021)<\/em>, 11-13 September 2021, Viena, Austria.<\/li>\n\n\n\n<li>Lucian Copolovici, Cristian Moisa, Andreea Lupitu, Ionela Ciurel, Virgiliu Ciutina, Dana Copolovici, <strong>The Influence of Elevated Carbon Dioxide on Plants Photosynthesis and Secondary Metabolites<\/strong>, <em>The 20<sup>th<\/sup> International Conference, \u201dLife Sciences For Sustainable Development\u201d<\/em>, 23 \u2013 24 September 2021, Cluj-Napoca, Romania.<\/li>\n\n\n\n<li>Dana Maria Copolovici, Cristian Moisa, Andreea Lupitu, Silvia Elena Mot and Lucian Copolovici, <strong>Hydrolates for Food and Health Applications<\/strong>, <em>The 20<sup>th<\/sup> International Conference, \u201dLife Sciences For Sustainable Development\u201d<\/em>, 23 \u2013 24 September 2021, Cluj-Napoca, Romania.<\/li>\n\n\n\n<li>Lucian Copolovici, Andreea Lupitu, Cristian Moisa, Simona Gavrilas, Virgiliu Ciutina, Dana Copolovici, <strong>The Climate-Changing Influence On <em>Brassicaceae<\/em> Plants Secondary Metabolites<\/strong>, <em>3<sup>rd<\/sup> International Baku Scientific Research Congress<\/em>, 15-16 October 2021, Baku Eurasia University, Baku, Azerbaijan.<\/li>\n\n\n\n<li>Lucian Copolovici, Andreea Lupitu, Cristian Moisa, Virgiliu Ciutina, Dana Copolovici, <strong>The Volatile Organic Compounds Emission from Plants in the Future Climate<\/strong>, Ahi Evran&nbsp;International Conference on Scientific Research, 30 November-1-2 December 2021, Ahi Evran, Turkey.<\/li>\n\n\n\n<li>Dana Copolovici, Andreea Lupitu, Cristian Moisa, Lucian Copolovici, <strong>Plant Extracts and Their Biomolecules<\/strong>, Ahi Evran&nbsp;International Conference on Scientific Research, 30 November-1-2 December 2021, Ahi Evran, Turkey.<br><\/li>\n<\/ol>\n\n\n\n<p><strong>Articole publicate in jurnale cotate ISI<\/strong> <strong>&#8211; 2022<\/strong><\/p>\n\n\n\n<ol class=\"wp-block-list\" style=\"list-style-type:1\">\n<li>Andreea Lupitu, Cristian Moisa, Simona Gavrila\u015f, Mihaela Dochia, Dorina Chambre, Virgiliu Ciutin\u0103, Dana Maria Copolovici, Lucian Copolovici, The influence of elevated CO<sub>2<\/sub> on volatile emissions, photosynthetic characteristics, and pigment content in <em>Brassicaceae<\/em> plants, <em>Plants<\/em>, <strong>2022<\/strong>, 11, 973 (I.F. = 3.935).<strong> <a href=\"https:\/\/doi.org\/10.3390\/plants11070973\">https:\/\/doi.org\/10.3390\/plants11070973<\/a> <\/strong><\/li>\n\n\n\n<li>Alexandru Bogdan, Dorina Chambre, Dana Maria Copolovici, Tudor Bungau, Constantin C. Bungau, Lucian Copolovici, Heritage Building Preservation in the Process of Sustainable Urban Development: The Case of Brasov Medieval City, Romania, <em>Sustenability<\/em>, <strong>2022<\/strong>, 14, 6959 (I.F. = 3.251). <strong><a href=\"https:\/\/doi.org\/10.3390\/su14126959\">https:\/\/doi.org\/10.3390\/su14126959<\/a> <\/strong><\/li>\n\n\n\n<li>Monica Taschina, Cristian Moisa, Andreea Lupitu, Dana Maria Copolovici and Lucian Copolovici, Influence of Nonsteroidal Anti-Inflammatory Drugs (NSAIDs) on Photosynthetic Parameters and Secondary Metabolites of Plants from <em>Fabaceae<\/em> Family, <em>Applied Sciences<\/em>, <strong>2022<\/strong>, 12, 6326 (I.F. = 2.679). <strong><a href=\"https:\/\/doi.org\/10.3390\/app12136326\">https:\/\/doi.org\/10.3390\/app12136326<\/a> <\/strong><\/li>\n\n\n\n<li>Roxana M. Beiu, Virgil-Florin Duma, Corina A. Mnerie, Andrea-Claudia Beiu, Mihaela A. Dochia, Lucian Copolovici, George Dobre, Adrian Bradu, Adrian Podoleanu, Optical coherence tomography versus microscopy for the study of <em>Aloe Vera<\/em> leaves, Proc. SPIE 12138, Optics, Photonics and Digital Technologies for Imaging Applications VII, 121380A (17 May <strong>2022<\/strong>). <strong><a href=\"https:\/\/doi.org\/10.1117\/12.2620766\">https:\/\/doi.org\/10.1117\/12.2620766<\/a> <\/strong><\/li>\n<\/ol>\n\n\n\n<p><strong>Conferinte nationale si internationale &#8211; 2022: <\/strong><\/p>\n\n\n\n<ol class=\"wp-block-list\" style=\"list-style-type:1\">\n<li>Roxana-Mariana Beiu, Mihaela Dochia, Lucian Copolovici, Corina Mnerie, , Andrea-Claudia Beiu, Virgil-Florin Duma, George M. Dobre, Adrian Bradu, Adrian G. H. Podoleanu, <strong>Optical coherence tomography versus microscopy for the study of <em>Aloe Vera<\/em> leaves<\/strong>, <em>Optics, Photonics and Digital Technologies for Imaging Applications VII<\/em>, 6 &#8211; 7 April 2022, Timisoara, Romania.<\/li>\n\n\n\n<li>Flavia Bortes, Andreea Lupitu, Cristian Moisa, Dana Copolovici, Virgiliu Ciutina, Denisa Peteleu, Lucian Copolovici, <strong>The Influence of Elevated Carbon Dioxide on Raphanus sativus Plants<\/strong>, <em>International Conference on Agriculture for Life, Life for Agriculture<\/em>, 2-4 June 2022, Bucharest.<\/li>\n\n\n\n<li>Andreea Lupitu, Cristian Moisa, Dana Copolovici, Lucian Copolovici, <strong>Extreme Temperatures Responses of <em>Ocimum basilicum<\/em> L. Plants<\/strong>, <em>International Conference on Agriculture for Life, Life for Agriculture<\/em>, 2-4 June 2022, Bucharest.<\/li>\n\n\n\n<li>Lucian Copolovici, <strong>New methods for determination of secondary metabolites<\/strong>, <em>International Scientific Events: Materials, Methods &amp; Technologies<\/em>, 19-22 August 2022 Burgas, Bulgaria.<\/li>\n\n\n\n<li>Flavia Bortes, Lucian Copolovici, Cristian Moisa, Andreea Lupitu, Virgiliu Ciutina, Dana Copolovici, <strong><em>Raphanus sativus<\/em> plants: a model for studying plant effects growth at elevated carbon dioxide and ozone stress<\/strong>, <em>The 21<sup>st<\/sup> International Conference \u201dLife Sciences for Sustainable Development\u201d<\/em>, 15<sup>th<\/sup>\u2013 17<sup>th<\/sup> September, 2022, Cluj-Napoca, Romania.<\/li>\n\n\n\n<li>Lucian Copolovici, Cristian Moisa, Andreea Lupitu, Flavia Bortes, Virgiliu Ciutina, Dana Copolovici, <strong>The influence of elevated carbon dioxide on <em>Brassicaceae<\/em> drought tolerance<\/strong>, <em>The 21<sup>st<\/sup> International Conference \u201dLife Sciences for Sustainable Development\u201d<\/em>, 15<sup>th<\/sup>\u2013 17<sup>th<\/sup> September, 2022, Cluj-Napoca, Romania.<\/li>\n\n\n\n<li>Andreea Lupitu, Cristian Moisa, Virgiliu Ciutin\u0103, Mihaela Dochia, Dana Copolovici, Lucian Copolovici, <strong><em>Salicaceae <\/em>plants responses to climate change and rising carbon levels<\/strong>, <em>The 21<sup>st<\/sup> International Conference \u201dLife Sciences for Sustainable Development\u201d<\/em>, 15<sup>th<\/sup>\u2013 17<sup>th<\/sup> September, 2022, Cluj-Napoca, Romania.<\/li>\n\n\n\n<li>Denisa Peteleu, Lucian Copolovici, Cristian Moisa, Andreea Lupitu, Dana Copolovici, <strong>The influence of elevated carbon dioxide and ozone stress on red cabbage plants<\/strong>, <em>The 21<sup>st<\/sup> International Conference \u201dLife Sciences for Sustainable Development\u201d<\/em>, 15<sup>th<\/sup>\u2013 17<sup>th<\/sup> September, 2022, Cluj-Napoca, Romania.<\/li>\n\n\n\n<li>Lucian Copolovici, Andreea Lupitu, Cristian Moisa, Virgiliu Ciutin\u0103, Flavia Bortes, Dana Copolovici, <strong>The influence of the climate change and elevated carbon dioxide on the plants stress tolerance<\/strong>, <em>A XXXVI Conferin\u021ba Na\u021bional\u0103 de Chimie<\/em>, 4-7 octombrie 2022, Calimanesti-Caciulata.<\/li>\n\n\n\n<li>Andreea Lupitu, Cristian Moisa, Virgiliu Ciutin\u0103, Mihaela Dochia, Dana Copolovici, Lucian Copolovici, <strong>The impact of climate change and increased carbon on the plants from <em>Salicaceae<\/em> family<\/strong>, <em>A XXXVI Conferin\u021ba Na\u021bional\u0103 de Chimie<\/em>, 4-7 octombrie 2022, Calimanesti-Caciulata.<\/li>\n\n\n\n<li>Denisa Peteleu, Andreea Lupitu, Cristian Moisa, Virgiliu Ciutin\u0103, Dana Copolovici, Lucian Copolovici, <strong>The influence of the elevated carbon dioxide and ozone on the plants stress tolerance<\/strong>, <em>A XXXVI Conferin\u021ba Na\u021bional\u0103 de Chimie<\/em>, 4-7 octombrie 2022, Calimanesti-Caciulata.<\/li>\n\n\n\n<li>Flavia Bortes, Andreea Lupitu, Cristian Moisa, Dana Copolovici, Virgiliu Ciutina, Lucian Copolovici, <strong>The influence of elevated carbon dioxide on <em>Raphanus sativus<\/em> plants fumigated with ozone<\/strong>, <em>A XXXVI Conferin\u021ba Na\u021bional\u0103 de Chimie<\/em>, 4-7 octombrie 2022, Calimanesti-Caciulata.<\/li>\n\n\n\n<li>Lucian Copolovici, Andreea Lupitu, Cristian Moisa, Flavia Bortes, Simona Gavrilas, Dana Copolovici, <strong>Elevated carbon dioxide influences on plants polyphenols<\/strong>, <em>The 14<sup>th<\/sup> Edition of the Symposium with International Participation New trends and strategies in the chemistry of advanced materials with relevance in biological systems, technique and environmental protection<\/em>, 20-21 October 2022, Timisoara.<\/li>\n\n\n\n<li>Denisa Peteleu, Andreea Lupitu, Cristian Moisa, Virgiliu Ciutin\u0103, Dana Copolovici, Lucian Copolovici, <strong>The impact of high carbon dioxide and ozone on plants tolerance to stress<\/strong>, <em>International Conference and XXXIX Scientific Session of the Romanian Society for Cell Biology (RSCB) <\/em>21<sup>st<\/sup>-23<sup>rd<\/sup> October 2022, Cluj-Napoca.<\/li>\n\n\n\n<li>Flavia Bortes, Lucian Copolovici, Cristian Moisa, Andreea Lupitu, Dana Copolovici, <strong><em>Raphanus sativus<\/em> plants exposed to high carbon dioxide concentrations and ozone stress<\/strong>, <em>International Conference and XXXIX Scientific Session of the Romanian Society for Cell Biology (RSCB) <\/em>21<sup>st<\/sup>-23<sup>rd<\/sup> October 2022, Cluj-Napoca.<\/li>\n\n\n\n<li>Lucian Copolovici, Andreea Lupitu, Cristian Moisa, Flavia Bortes, Denisa Peteleu, Virgiliu Ciutina, Dana Copolovici, <strong>Carbon dioxide\u2019s impact on Brassicaceae drought tolerance<\/strong>, <em>International Conference and XXXIX Scientific Session of the Romanian Society for Cell Biology (RSCB) <\/em>21<sup>st<\/sup>-23<sup>rd<\/sup> October 2022, Cluj-Napoca.<\/li>\n\n\n\n<li>Andreea Lupitu, Cristian Moisa, Dana Copolovici, Lucian Copolovici, T<strong>he effects of rising carbon levels and climate change on plants in the family <em>Salicaceae<\/em><\/strong>, <em>International Conference and XXXIX Scientific Session of the Romanian Society for Cell Biology (RSCB) <\/em>21<sup>st<\/sup>-23<sup>rd<\/sup> October 2022, Cluj-Napoca.<\/li>\n\n\n\n<li>Gavrila\u0219 Simona, Lupitu Andreea, Mois\u0103 Cristian , Borte\u0219 Flavia, Peteleu Denisa, Copolovici Dana, Copolovici Lucian, <strong>The simultaneous effect of increasing carbon dioxide and decreasing water intake on antioxidants levels in different plants<\/strong>, <em>&#8220;Life sciences today for tomorrow&#8221; International Congress<\/em>, 20<sup>th<\/sup>-21<sup>th<\/sup> October 2022, Iasi, Romania.<\/li>\n\n\n\n<li>Lucian Copolovici, Andreea Lupitu, Cristian Moisa, Flavia Bortes, Denisa Peteleu, Virgiliu Ciutina, Dana Copolovici, <strong>The effect of high carbon dioxide on plants drought tolerance<\/strong>, <em>7<sup>th<\/sup> Edition of Global Conference on Plant Science and Molecular Biology<\/em>, 1-2 September 2022, Paris, France.<\/li>\n<\/ol>\n\n\n\n<p><strong>Premii<\/strong><\/p>\n\n\n\n<figure class=\"wp-block-image size-large is-resized\"><img loading=\"lazy\" decoding=\"async\" width=\"1024\" height=\"734\" src=\"https:\/\/stressedplants.uav.ro\/wordpress\/wp-content\/uploads\/2022\/09\/CertificateBestOralPaperAward_A4L2022-1024x734.jpg\" alt=\"\" class=\"wp-image-198\" style=\"width:289px;height:207px\" srcset=\"https:\/\/stressedplants.uav.ro\/wordpress\/wp-content\/uploads\/2022\/09\/CertificateBestOralPaperAward_A4L2022-1024x734.jpg 1024w, https:\/\/stressedplants.uav.ro\/wordpress\/wp-content\/uploads\/2022\/09\/CertificateBestOralPaperAward_A4L2022-300x215.jpg 300w, https:\/\/stressedplants.uav.ro\/wordpress\/wp-content\/uploads\/2022\/09\/CertificateBestOralPaperAward_A4L2022-768x550.jpg 768w, https:\/\/stressedplants.uav.ro\/wordpress\/wp-content\/uploads\/2022\/09\/CertificateBestOralPaperAward_A4L2022-1536x1101.jpg 1536w, https:\/\/stressedplants.uav.ro\/wordpress\/wp-content\/uploads\/2022\/09\/CertificateBestOralPaperAward_A4L2022-2048x1468.jpg 2048w\" sizes=\"auto, (max-width: 767px) 89vw, (max-width: 1000px) 54vw, (max-width: 1071px) 543px, 580px\" \/><\/figure>\n\n\n\n<p><strong>Articole publicate in jurnale cotate ISI<\/strong> <strong>&#8211; 2023<\/strong><\/p>\n\n\n\n<ol class=\"wp-block-list\">\n<li>Andreea LUPITU, Cristian MOISA, Flavia BORTES, Denisa PETELEU, Mihaela DOCHIA, Dorina CHAMBRE, Virgiliu CIUTIN\u0102, Dana Maria COPOLOVICI, Lucian COPOLOVICI, <strong>&#8220;THE IMPACT OF INCREASED CO2&nbsp;AND DROUGHT STRESS ON THE SECONDARY METABOLITES OF CAULIFLOWER (BRASSICA OLERACEA&nbsp;VAR.&nbsp;BOTRYTIS) AND CABBAGE (BRASSICA OLERACEA&nbsp;VAR.&nbsp;CAPITATA)&#8221;<\/strong>, <em>Plants<\/em>&nbsp;, <strong>2023<\/strong>, 12, no. 17: 3098. <a href=\"https:\/\/doi.org\/10.3390\/plants12173098\">https:\/\/doi.org\/10.3390\/plants12173098<\/a> <\/li>\n\n\n\n<li>Andreea TEPENEU, Andreea LUPITU, Teodora SURDEA-BLAGA, Cristian MOISA, Dorina CHAMBRE, Dana Maria COPOLOVICI, and Lucian COPOLOVICI. <strong>&#8220;VARIABILITY OF AIR POLLUTANTS IN THE INDOOR AIR OF A GENERAL STORE.&#8221; <\/strong><em>Applied Sciences <\/em>13, no. 23 (<strong>2023<\/strong>): 12572. <a href=\"https:\/\/www.mdpi.com\/2076-3417\/13\/23\/12572.\">https:\/\/www.mdpi.com\/2076-3417\/13\/23\/12572.<\/a><\/li>\n<\/ol>\n\n\n\n<p><strong>Conferinte nationale si internationale \u2013 2023:<\/strong><\/p>\n\n\n\n<ol class=\"wp-block-list\">\n<li>Andreea LUPITU, Cristian MOIS\u0102, Adina-Alina C\u0102P\u0102\u0162\u00ceN\u0102, Dana COPOLOVICI, Lucian COPOLOVICI, <strong>THE EFFECTS OF CLIMATE CHANGE AND RISING CARBON LEVELS ON SPECIES IN THE FAMILY&nbsp;SALICACEAE,<\/strong>&nbsp;<em>Environment &amp; Progress<\/em>, 18 \u2013 19 Mai <strong>2023<\/strong>, Cluj-Napoca, Rom\u00e2nia.<\/li>\n\n\n\n<li>Lucian COPOLOVICI, Andreea LUPITU, Flavia BORTES, Cristian MOISA, Denisa PETELEU, Dana COPOLOVICI, <strong>THE IMPACT OF ELEVATED GLOBAL ATMOSPHERIC CARBON DIOXIDE ON SUSTAINABLE DEVELOPMENT,<\/strong>&nbsp;<em>Environment &amp; Progress<\/em>, 18 \u2013 19 Mai <strong>2023<\/strong>, Cluj-Napoca, Rom\u00e2nia.<\/li>\n\n\n\n<li>Dana Maria COPOLOVICI, Cristian MOISA, Andreea LUPITU, Corina POPITANU, Lucian COPOLOVICI, <strong>INFLUENCE OF BIOTIC STRESS ON URBAN PLANTS METABOLITES,<\/strong>&nbsp;<em>Environment &amp; Progress<\/em>, 18 \u2013 19 Mai <strong>2023<\/strong>, Cluj-Napoca, Rom\u00e2nia.<\/li>\n\n\n\n<li>Flavia BORTES, Andreea LUPITU, Cristian MOISA, Dana COPOLOVICI, Lucian COPOLOVICI, <strong>THE HIGH ATMOSPHERIC CARBON DIOXIDE CONCENTRATION IMPACT ON THE PLANT&#8217;S METABOLITES,<\/strong>&nbsp;<em>Environment &amp; Progress<\/em>, 18 \u2013 19 Mai <strong>2023<\/strong>, Cluj-Napoca, Rom\u00e2nia<\/li>\n\n\n\n<li>Denisa PETELEU, Andreea LUPITU, Cristian MOISA, Flavia BORTES, Dana Maria COPOLOVICI, Lucian COPOLOVICI, <strong>THE INFLUENCE OF FLOODING ON&nbsp;BRASSICACEAE&nbsp;PLANTS GROWN IN ELEVATED CARBON DIOXIDE,<\/strong>&nbsp;<em>Environment &amp; Progress<\/em>, 18 \u2013 19 Mai <strong>2023<\/strong>, Cluj-Napoca, Rom\u00e2nia<\/li>\n\n\n\n<li>Cristian MOISA, Andreea LUPITU, Denisa PETELEU, Flavia BORTES, Dana COPOLOVICI, Lucian COPOLOVICI, <strong>CLIMATE CHANGE AND THE AGRICULTURE OF THE FUTURE,<\/strong>&nbsp;<em>Environment &amp; Progress<\/em>, 18 \u2013 19 Mai <strong>2023<\/strong>, Cluj-Napoca, Rom\u00e2nia<\/li>\n\n\n\n<li>Andreea LUPITU, Cristian MOISA, Dana Maria COPOLOVICI, Lucian COPOLOVICI, <strong>THE IMPACT OF&nbsp;<em>Eurydema ventralis&nbsp;<\/em>ON CAULIFLOWER (<em>Brassica oleracea&nbsp;<\/em>var.&nbsp;<em>botrytis<\/em>) GROWN AT DIFFERENT CO2&nbsp;CONCENTRATIONS<\/strong>, International Conference \u201cAgriculture for Life, Life for Agriculture\u201d, 8-10 June <strong>2023<\/strong>, Bucharest, Romania.<\/li>\n\n\n\n<li>Flavia BORTES, Ioana MARGARIT, Andreea LUPITU, Cristian MOISA, Dana COPOLOVICI, Virgiliu CIUTINA, Lucian COPOLOVICI, <strong>THE SYNERGIC EFFECT OF HIGH TEMPERATURE AND ELEVATED CARBON DIOXIDE<\/strong> <strong>ON CAULIFLOWER PLANTS<\/strong>, International Conference \u201cAgriculture for Life, Life for Agriculture\u201d, 8-10 June <strong>2023<\/strong>, Bucharest, Romania.<\/li>\n\n\n\n<li>Lucian COPOLOVICI, Andreea LUPITU, Flavia BORTES, Cristian MOISA, Denisa PETELEU, Dana COPOLOVICI, <strong>THE IMPACT OF THE BIOTIC STRESS ON THE PLANTS GREW AT ELEVATED CARBON DIOXIDE<\/strong>, International Conference \u201cAgriculture for Life, Life for Agriculture\u201d, 8-10 June <strong>2023<\/strong>, Bucharest, Romania.<\/li>\n\n\n\n<li>Lucian COPOLOVICI, Andreea LUPITU, Cristian MOISA, Flavia BORTES, Simona GAVRILAS, Dana COPOLOVICI, <strong>MODIFICATIONS IN PLANTS POLYPHENOLS PROFILE DUE TO BIOTIC STRESS AND CLIMATE CHANGE<\/strong>, 5<sup>th<\/sup>&nbsp;Edition of the Conference \u201dNew Trends in Chemistry Research\u201d, September, 21-22, <strong>2023<\/strong>, Timisoara, ROMANIA.&nbsp;<\/li>\n\n\n\n<li>Flavia BORTES, Lucian COPOLOVICI, Cristian MOISA, Andreea LUPITU, Virgiliu&nbsp;CIUTINA, Dana COPOLOVICI, <strong>THE IMPACT OF HIGH TEMPERATURE ON <em>RAPHANUS SATIVUS <\/em>PLANTS GROWTH AT ELEVATED CARBON DIOXIDE<\/strong>, the 22<sup>nd&nbsp;<\/sup>International Conference \u201dLife Sciences for Sustainable Development\u201d,&nbsp;Cluj-Napoca, Romania, between&nbsp;28<sup>th<\/sup>\u2013 30<sup>th<\/sup>&nbsp;September, <strong>2023<\/strong>.<\/li>\n\n\n\n<li>Lucian COPOLOVICI, Cristian MOISA, Andreea LUPITU, Flavia BORTES, Denisa&nbsp;Peteleu, Dana COPOLOVICI, <strong>THE SYNERGIC EFFECT OF ELEVATED CARBON DIOXIDE AND BIOTIC STRESS ON PLANTS PHYSIOLOGIC PARAMETERS AND SECONDARY METABOLITES<\/strong>, the 22<sup>nd&nbsp;<\/sup>International Conference \u201dLife Sciences for Sustainable Development\u201d,&nbsp;Cluj-Napoca, Romania, between&nbsp;28<sup>th<\/sup>\u2013 30<sup>th<\/sup>&nbsp;September, <strong>2023<\/strong>.<\/li>\n\n\n\n<li>Andreea LUPITU, Cristian MOISA, Flavia BORTES, Denisa PETELEU, Virgiliu CIUTINA, Mihaela DOCHIA, Dana COPOLOVICI, Lucian COPOLOVICI, <strong>HIGH CO<sub>2<\/sub> AND <em>EURYDEMA VENTRALIS <\/em>IMPACT ON <em>BRASSICA OLERACEA <\/em>VAR<em>. BOTRYTIS <\/em>PLANTS<\/strong>, the 22<sup>nd&nbsp;<\/sup>International Conference \u201dLife Sciences for Sustainable Development\u201d,&nbsp;Cluj-Napoca, Romania, between&nbsp;28<sup>th<\/sup>\u2013 30<sup>th<\/sup>&nbsp;September, <strong>2023<\/strong>.<\/li>\n\n\n\n<li>Andreea LUPITU, Lucian COPOLOVICI, Cristian MOISA, Flavia BORTES, Virgiliu CIUTINA, Dana COPOLOVICI, <strong>THE INFLUENCE OF ELEVATED CARBON DIOXIDE LEVELS IN COMBINATION WITH THE PRESENCE OF&nbsp;<em>EURYDEMA&nbsp;VENTRALIS<\/em>&nbsp;ON <em>BRASSICA OLERACEA <\/em>VAR. <em>BOTRYTIS <\/em>PLANTS,<\/strong>&nbsp;V. International Conference on Global Practice of Multidisciplinary Scientific Studies, Baku, Azerbaijan, 10<sup>th<\/sup>-12<sup>th<\/sup>&nbsp;December <strong>2023<\/strong>.<\/li>\n\n\n\n<li>Flavia BORTES, Andreea LUPITU, Cristian MOISA, Denisa PETELEU, Dana COPOLOVICI, Lucian COPOLOVICI, <strong>THE INFLUENCE OF ELEVATED CARBON DIOXIDE ON THE GROWTH OF&nbsp;<em>RAPHANUS&nbsp;SATIVUS<\/em> PLANTS UNDER HIGH-TEMPERATURE CONDITIONS,<\/strong> V. International Conference on Global Practice of Multidisciplinary Scientific Studies, Baku, Azerbaijan, 10<sup>th<\/sup>-12<sup>th<\/sup>&nbsp;December <strong>2023<\/strong>.<\/li>\n<\/ol>\n\n\n\n<p><\/p>\n\n\n<div class=\"wp-block-image\">\n<figure class=\"aligncenter size-large is-resized\"><img loading=\"lazy\" decoding=\"async\" width=\"978\" height=\"1024\" src=\"https:\/\/stressedplants.uav.ro\/wordpress\/wp-content\/uploads\/2023\/12\/Schema-Lucian-978x1024.jpg\" alt=\"\" class=\"wp-image-258\" style=\"width:672px;height:auto\" srcset=\"https:\/\/stressedplants.uav.ro\/wordpress\/wp-content\/uploads\/2023\/12\/Schema-Lucian-978x1024.jpg 978w, https:\/\/stressedplants.uav.ro\/wordpress\/wp-content\/uploads\/2023\/12\/Schema-Lucian-287x300.jpg 287w, https:\/\/stressedplants.uav.ro\/wordpress\/wp-content\/uploads\/2023\/12\/Schema-Lucian-768x804.jpg 768w, https:\/\/stressedplants.uav.ro\/wordpress\/wp-content\/uploads\/2023\/12\/Schema-Lucian.jpg 1032w\" sizes=\"auto, (max-width: 767px) 89vw, (max-width: 1000px) 54vw, (max-width: 1071px) 543px, 580px\" \/><figcaption class=\"wp-element-caption\">Modelul matematic propus<\/figcaption><\/figure>\n<\/div>\n\n\n<p><\/p>\n","protected":false},"excerpt":{"rendered":"<p>Articole publicate in jurnale cotate ISI &#8211; 2021 Conferinte nationale si internationale &#8211; 2021: Articole publicate in jurnale cotate ISI &#8211; 2022 Conferinte nationale si internationale &#8211; 2022: Premii Articole publicate in jurnale cotate ISI &#8211; 2023 Conferinte nationale si internationale \u2013 2023:<\/p>\n","protected":false},"author":1,"featured_media":0,"parent":0,"menu_order":0,"comment_status":"closed","ping_status":"closed","template":"","meta":{"footnotes":""},"class_list":["post-60","page","type-page","status-publish","hentry"],"_links":{"self":[{"href":"https:\/\/stressedplants.uav.ro\/wordpress\/index.php\/wp-json\/wp\/v2\/pages\/60","targetHints":{"allow":["GET"]}}],"collection":[{"href":"https:\/\/stressedplants.uav.ro\/wordpress\/index.php\/wp-json\/wp\/v2\/pages"}],"about":[{"href":"https:\/\/stressedplants.uav.ro\/wordpress\/index.php\/wp-json\/wp\/v2\/types\/page"}],"author":[{"embeddable":true,"href":"https:\/\/stressedplants.uav.ro\/wordpress\/index.php\/wp-json\/wp\/v2\/users\/1"}],"replies":[{"embeddable":true,"href":"https:\/\/stressedplants.uav.ro\/wordpress\/index.php\/wp-json\/wp\/v2\/comments?post=60"}],"version-history":[{"count":28,"href":"https:\/\/stressedplants.uav.ro\/wordpress\/index.php\/wp-json\/wp\/v2\/pages\/60\/revisions"}],"predecessor-version":[{"id":260,"href":"https:\/\/stressedplants.uav.ro\/wordpress\/index.php\/wp-json\/wp\/v2\/pages\/60\/revisions\/260"}],"wp:attachment":[{"href":"https:\/\/stressedplants.uav.ro\/wordpress\/index.php\/wp-json\/wp\/v2\/media?parent=60"}],"curies":[{"name":"wp","href":"https:\/\/api.w.org\/{rel}","templated":true}]}}